i**5/12 + 5*i**4/24 + 7*i**3/3 + 14*i**2 + 44. Give d(-5).
-11
Let q(j) be the second derivative of j**4/12 - 4*j**3/3 + 7*j**2 + 3*j. Let a = 15742 + -15735. What is q(a)?
7
Let u = 31 - 40. Let d(f) be the third derivative of -f**5/60 - 11*f**4/24 - 10*f**3/3 + 2232*f**2. Calculate d(u).
-2
Let p(q) = 12*q - 162. Let z(a) = -189*a + 2592. Let r(c) = 33*p(c) + 2*z(c). What is r(9)?
0
Let g = -21 + 18. Let o be (g/2 + 1)/((-1)/2). Let j(h) = o + 51*h + 44*h - 99*h - 3. Calculate j(-2).
6
Suppose -5*s = -10*s + 20. Let m(y) = 5*y**2 + 5*y - 6*y**2 - s*y - 5*y. What is m(-7)?
-21
Let a(i) = 4*i**2 + 12*i - 12. Let u be (-72)/(-16) - 14/4. Calculate a(u).
4
Let u = -39 + 56. Let x(m) = 3*m**2 - 2*m**2 - u + 14. Let p be ((-7)/(5 - -2))/(1/3). Calculate x(p).
6
Let a(q) = -q**3 + 10*q**2 + 10*q - 27. Suppose 993 = 517*u - 2672 - 2022. Give a(u).
-38
Let s(o) = -o**2 - 1. Let u(n) be the second derivative of n**5/20 - 11*n**4/6 + n**3/3 - 16*n**2 + 31*n. Let y be u(22). Suppose 8*b = y*b - 8. Calculate s(b).
-5
Let i(h) = -27145*h**2 + h - 9 + 27143*h**2 - 6*h. What is i(-6)?
-51
Let r(w) = -5*w - 1. Let k(j) = 11*j + 3. Let p(u) = -4*k(u) - 9*r(u). Let a be (8/6)/(36/4590). Let x be 34/a - 1/5. Calculate p(x).
-3
Let q = -89 - -109. Let z(u) = -4*u**2 - 1 - 3 - q*u**3 + 21*u**3 + 3. Let d(a) = -a**3 + a**2 + 14*a - 6. Let p be d(4). Determine z(p).
-9
Let r(y) be the second derivative of 11*y**4/6 + y**3/3 - y**2/2 + 3051*y. Determine r(1).
23
Let f(v) be the second derivative of -v**4/12 - v**3 - 3*v**2/2 - 1652*v. Give f(-8).
-19
Let q be ((-2)/4)/(-10 + (-8379)/(-836)). Let n(x) = -x**3 - 25*x**2 - 65*x + 18. Give n(q).
-4
Let i(x) = -x + 5. Let s(c) = 8*c - 46. Let q(p) = -9*i(p) - s(p). Let h(b) = -4*b**3 - 2*b - 1. Let v be h(-1). Determine q(v).
6
Let j(q) = 3*q**3 - 14*q**2 - 2*q + 122. Let z(t) = t**3 - 7*t**2 - t + 51. Let r(s) = -2*j(s) + 5*z(s). Give r(-7).
18
Let g(h) = -2*h**2 - 16*h - 3. Let p(c) = -146 + 85 + 0*c + 10*c + 86 + c. Let j be p(-3). Determine g(j).
-3
Let v(f) = -f**3 + 7*f - 2. Let p be 55/275 + 38/10. Let l(u) = 2*u - 5. Let i be l(p). Determine v(i).
-8
Suppose -h - h = -10. Let t be 1 + ((-25)/(-5) - -129). Let o(g) = -129*g**2 + 1 - t*g**2 + 265*g**2 - 2*g. What is o(h)?
16
Suppose -4*z = 5*v - 20, 3*v - 34 = -5*z - 9. Suppose 2*h = -3 + 5. Let d be -4 - (v + (-3)/h). Let u(m) = -2*m**2 - 2*m - 1. Give u(d).
-1
Let u(k) = -5*k**2 + 3129*k - 3161*k + 4*k**2 - 149. Calculate u(-26).
7
Let p(a) = a**3 + a**2 + 3. Let q be (12/(-15))/(-1)*(17 + -12). Suppose 0 = 3*t + f - 5, -10 = -q*t - 25*f + 23*f. Give p(t).
3
Let r(t) = 9*t**2 - 218*t + 49. Let x(v) = 5*v**2 - 124*v + 28. Let u(h) = -4*r(h) + 7*x(h). Let m be 0 + (0/2 - -5). What is u(m)?
-5
Let p(s) be the third derivative of -s**6/180 + s**5/40 - s**4/24 - 5*s**3/6 + 242*s**2. Let o(v) be the second derivative of p(v). Let l = 5 - 3. What is o(l)?
-5
Let q(l) = 3*l + 44. Let a be q(-12). Suppose -5*h - 30 = -3*i + a*i, -5 = i + 2*h. Let m(z) = z + 9. Calculate m(i).
2
Let b(h) = -20 - h**3 - 19*h - 114*h**2 + 135*h**2 + 0*h**3. Let j(r) = -r**3 - 4*r**2 + 7*r + 30. Let s be j(-5). What is b(s)?
0
Let p(n) = n**2 - 26*n + 3. Let g be p(17). Let s = g - -161. Let u(v) = -v**3 + 11*v**2 - 2*v - 1. What is u(s)?
-23
Let s be 88/12*18/(-12). Let w(q) = -q**3 - 11*q**2 - 3*q - 17. Determine w(s).
16
Let n(s) = 21 - 20*s + 20*s - 11*s - 4 + s**2. What is n(8)?
-7
Let o(p) = 7*p**3 - 16*p**2 - 21*p + 7. Let l(w) = 4*w**3 + 2*w - 3. Let r(h) = -2*l(h) + o(h). Give r(-14).
-29
Let w(r) = r**3 + 10*r**2 - 11*r - 2. Suppose 16*y - 11*y + 55 = 0. What is w(y)?
-2
Let s(l) = -l**3 - 8*l**2 + 11*l + 4. Suppose 35 = -8*h - 37. Calculate s(h).
-14
Let v(k) = k**2 - 23*k - 19. Suppose -308 = -3*b - 236. Give v(b).
5
Let t(n) = -n**2 + n + 2. Let j(o) be the first derivative of -o**3 - o**2/2 + 8*o + 82. Let y(a) = j(a) - 5*t(a). Determine y(3).
-2
Let g(q) = 5 + 14 - 14 + 2*q + 16 + 22. Calculate g(-27).
-11
Suppose 2*n = -3*o + 54, -5*n = 28*o - 30*o + 17. Let y be 8/72*33 - o/(-12). Let l(k) = k**2 - 7*k. Determine l(y).
-10
Let y(i) be the first derivative of i**5/20 - i**4/12 + i**3/6 + i**2 + 7*i - 83. Let p(q) be the first derivative of y(q). What is p(3)?
23
Let p(z) be the first derivative of 3*z**2/2 + 6*z - 1. Let g(h) = 307*h + 14425. Let v be g(-47). What is p(v)?
-6
Let h(s) = -s + 1. Suppose -2*r + 9*r + 63 = 0. Let m = -3 - r. Suppose n - 7 = -m. Determine h(n).
0
Let k(n) be the third derivative of -n**6/120 + n**5/6 - 7*n**4/24 - 11*n**3/6 - 2671*n**2. What is k(9)?
7
Let q(u) = 53*u**2 - 212*u + 6. Let w be q(4). Let d(b) = 2*b. Let x(t) = 22 - 12*t - t + 2*t. Let r(l) = w*d(l) + x(l). Determine r(0).
22
Let m(n) = 2*n - 21. Suppose 23*x - 28*x + 10 = -5*k, -22 = 6*k - 4*x. Calculate m(k).
-35
Let u(h) be the first derivative of -6 + 3/2*h**2 - h. What is u(1)?
2
Let n = 72 - 72. Suppose 10 = -5*m - 5*u, -2*m + 5*m - 2*u - 19 = n. Let d(g) = -g**3 + 2*g**2 - g - 4. What is d(m)?
-16
Let a(p) = -17*p - 32. Suppose 4*y + 50 = -7*w, -5*w + 2*y - 36 + 10 = 0. What is a(w)?
70
Let v(t) = -t**3 + 6*t**2 + t - 6. Let d be 2 - (-12)/(-6 - 0). Suppose b - y + d - 8 = 0, 8 = 2*b + 2*y. Calculate v(b).
0
Suppose 5*r = -2*f - 204, -210 = -0*r + 5*r + 5*f. Let c = -19 - r. Let d(q) = 2*q**2 - q - 9*q**3 - 10*q**3 + c*q**3. Calculate d(1).
3
Let p(u) be the first derivative of -2*u**3/3 + 4*u**2 + 11*u + 1847. What is p(5)?
1
Suppose -2*u = 4*c - 7*u + 12, 2*u = 5*c - 2. Suppose 60 = 22*m - 21*m. Let z(g) = -29*g - 34*g + m*g. What is z(c)?
-6
Let v(l) = l**3 + 4*l**2 + 4. Let u(y) = -y**2 + 5 - 24 + y + 18. Let f(z) = u(z) + v(z). Give f(-2).
5
Let k(u) = -3*u**2 - 9*u + 8. Let p(i) = -6*i**2 - 20*i + 17. Let o(f) = 13*k(f) - 6*p(f). Let y be 0 - (6/(-8) + (-13)/4). Suppose 2 = -y*v - 6. What is o(v)?
-16
Let p(b) = -59*b**3 - 4*b**2 + 4*b + 13. Let d(y) = -6*y**3 + y + 1. Let i(n) = 10*d(n) - p(n). Calculate i(5).
2
Suppose 15*x = 8*x + 14. Let f(o) = -6*o**2 - 4*o + 5*o**x - 2 + 2. Let z(a) = -a**3 - 14*a**2 + 15*a - 4. Let k be z(-15). What is f(k)?
0
Let o be 8/(-5) + 18/(-45). Let k(w) = -w**2 - 99*w - 26. Let c(h) = -18*h - 5. Let j(z) = -11*c(z) + 2*k(z). What is j(o)?
-5
Let u(x) = 7 - 4*x**3 - 4017*x**2 + 4002*x**2 + 9 + 5*x. Let g(m) = 3*m**3 + 10*m**2 - 3*m - 11. Let d(l) = 7*g(l) + 5*u(l). What is d(4)?
3
Let u(x) be the second derivative of -x**5/20 + 3*x**4/4 + 4*x**3 - 21*x**2/2 - 2*x + 143. Calculate u(11).
1
Suppose 0 = -4*i + 3 + 1. Let q be (33/66)/(i/(-4)). Let z(g) = 5*g + 2. Give z(q).
-8
Let x(y) = 11*y**2 - y - 1. Let p(r) = -2*r**2 - 4*r - 11. Let d be p(-12). Let h = d + 250. What is x(h)?
11
Let y(z) = -39 + 25*z + 139 - 68 + 205 - z. What is y(-10)?
-3
Let y = -9 - -14. Suppose x - 8 = -5*n, 0*x - 2*n + y = x. Let k(v) = -8 + 3*v - 2*v - x*v + 3*v. What is k(7)?
-1
Let w(l) = -l**3 - 12*l**2 - 11*l + 3. Suppose -343 = 2*i + 197. Let x = 259 + i. Give w(x).
3
Let y(l) be the second derivative of l**6/720 - l**5/12 - 17*l**4/12 - 6*l. Let d(t) be the third derivative of y(t). Calculate d(11).
1
Let z(l) = l - 80. Let s(j) = -j + 27. Let v(i) = 8*s(i) + 3*z(i). Give v(-7).
11
Let a(l) = -l**3 + 2*l**2 - 2*l + 1. Let n = 24 + -21. Suppose -n*m + 3 + 12 = 0. Suppose -3*h - m*y - 4 + 32 = 0, 3*y - 19 = -4*h. What is a(h)?
0
Let z(p) = 6*p**2 - 44 - 4*p + 0 + 54. What is z(3)?
52
Suppose -456 - 244 = -5*o. Let d = o - 128. Let i(y) = -y + 15. Give i(d).
3
Suppose 0 = -62*c + 10*c - 205 - 3. Let z(g) = -13*g**2 - 21*g + 11. Let l(r) = 7*r**2 + 11*r - 6. Let t(i) = -11*l(i) - 6*z(i). Calculate t(c).
-4
Let y(b) = b + 12. Suppose -52*k + 5 = -53*k. Let f be y(k). Let h(i) = i**2 + 8*i - 9. Let c(d) = d**2 + d - 1. Let s(w) = -2*c(w) + h(w). Calculate s(f).
-14
Let t(c) = 13 + 4*c**2 + 1109*c - 2*c**2 + 3*c**2 - 1068*c. Give t(-8).
5
Let o(c) = c**3 + 8*c**2 + 7*c - 6. Let g(z) = -2*z**2 - 72*z - 6. Let i be g(-37). Let m be -6*5/i + (-59)/8. What is o(m)?
-6
Let n(m) = -m**3 - 5*m**2 - 7. Let r = 73 - 63. Let w be (6/(-4))/(6/(-8)). Suppose k - r = -3*t - 0, 4*k + 30 = w*t. Determine n(k).
-7
Let k(l) = -2*l**2. Let p(i) = -i**3 - 17*i**2 + 138*i + 3. Let b be p(-23). What is k(b)?
-18
Let m(o) be the first derivative of -o**4/4 + 5*o**3/3 - 3*o - 7. L